ghest common divisor of 39028 and 73458?
22
What is the highest common divisor of 94757355 and 759?
759
Calculate the greatest common divisor of 376 and 3787260.
188
What is the highest common divisor of 318 and 12478002?
318
Calculate the greatest common factor of 5328 and 9837.
9
Calculate the highest common factor of 9605 and 7240.
5
Calculate the greatest common factor of 108 and 1767852.
108
What is the highest common divisor of 19320870 and 110?
10
Calculate the highest common divisor of 1040 and 14513876.
52
Calculate the highest common divisor of 10016 and 125152.
32
What is the highest common divisor of 32226 and 831972?
246
What is the greatest common divisor of 2675 and 4677291?
107
What is the greatest common divisor of 62 and 3808862926?
62
What is the highest common divisor of 16492 and 21399?
7
Calculate the greatest common divisor of 626 and 128962.
2
Calculate the greatest common factor of 8 and 2402095.
1
Calculate the highest common divisor of 396 and 87354333.
99
Calculate the greatest common factor of 1095 and 159826565.
365
What is the greatest common divisor of 77684341 and 54341?
7763
Calculate the greatest common divisor of 290061 and 25191.
81
What is the greatest common factor of 41625503 and 13039?
1003
What is the highest common factor of 182 and 932864686?
26
Calculate the greatest common divisor of 425 and 3389545.
85
Calculate the highest common factor of 2425668 and 201.
201
Calculate the highest common divisor of 95 and 36289810.
95
Calculate the greatest common divisor of 2185 and 27048805.
115
What is the highest common divisor of 3437 and 303256821?
3437
Calculate the highest common divisor of 43980256 and 626.
626
What is the greatest common divisor of 5976 and 336924?
36
Calculate the greatest common divisor of 169 and 3011593.
13
What is the greatest common factor of 19593256 and 152?
152
Calculate the highest common factor of 2416925 and 22050.
1225
What is the highest common divisor of 956 and 468144596?
956
What is the highest common divisor of 11583 and 27089829?
351
Calculate the highest common factor of 3216 and 4380816.
48
Calculate the greatest common divisor of 49881926 and 1906.
1906
Calculate the highest common divisor of 51627 and 321.
3
What is the highest common divisor of 31 and 40939?
1
What is the greatest common divisor of 12 and 54473823?
3
What is the greatest common factor of 232066 and 48298?
1178
What is the highest common divisor of 17493 and 1035951?
21
What is the greatest common factor of 109256084 and 532?
28
What is the greatest common divisor of 47277557 and 269?
269
What is the greatest common factor of 24 and 3677364?
12
Calculate the greatest common divisor of 53676618 and 759.
69
Calculate the highest common factor of 24092 and 215612.
76
What is the greatest common factor of 62906183 and 3?
1
What is the greatest common divisor of 85744 and 14213?
233
What is the highest common divisor of 509165855 and 3410?
1705
What is the greatest common divisor of 80505138 and 21?
21
What is the highest common factor of 32795 and 3996755?
35
Calculate the greatest common divisor of 7206903 and 33.
33
What is the highest common factor of 108742545 and 18?
9
What is the highest common factor of 5780 and 2115780?
20
Calculate the highest common divisor of 457366 and 1724996.
1274
Calculate the highest common divisor of 5 and 507280115.
5
What is the highest common factor of 1953008 and 124320?
592
Calculate the greatest common factor of 7456 and 3083522.
466
What is the greatest common divisor of 221 and 12646686?
13
Calculate the greatest common factor of 6276760 and 840.
280
What is the highest common factor of 1190200 and 12440?
40
What is the greatest common factor of 23489052 and 12939?
681
What is the highest common divisor of 36 and 93901044?
12
What is the greatest common factor of 775871 and 24?
1
What is the highest common factor of 2345852 and 70?
2
Calculate the highest common divisor of 5490 and 2035204.
122
Calculate the greatest common divisor of 699 and 31693359.
699
Calculate the greatest common divisor of 4432 and 156099472.
4432
What is the greatest common divisor of 23876 and 3048?
508
Calculate the greatest common factor of 920535 and 913.
11
What is the greatest common divisor of 3361053 and 236?
59
What is the highest common factor of 416 and 6739942144?
416
Calculate the highest common divisor of 18793510 and 20.
10
What is the highest common divisor of 6550 and 8834902?
262
Calculate the highest common factor of 11375 and 32294600.
325
Calculate the highest common divisor of 788940 and 275076.
324
What is the greatest common divisor of 19180848 and 48?
48
Calculate the greatest common factor of 306295 and 2970.
55
Calculate the greatest common factor of 277 and 54858188.
277
Calculate the greatest common factor of 4938736 and 408496.
1936
Calculate the highest common factor of 126 and 1846600.
14
Calculate the highest common factor of 22409648 and 6494.
382
Calculate the greatest common factor of 121080992 and 143072.
8416
What is the greatest common factor of 648 and 4255560?
72
Calculate the greatest common factor of 2852 and 1827884.
124
Calculate the highest common factor of 2 and 66067.
1
What is the highest common factor of 72 and 17652?
12
What is the highest common factor of 4810640 and 1280?
80
Calculate the highest common divisor of 57428 and 7903.
7
What is the highest common factor of 20250 and 2691450?
450
What is the greatest common divisor of 61 and 49677973?
61
Calculate the highest common divisor of 639 and 2037402.
9
Calculate the highest common divisor of 8405071 and 2581.
89
What is the highest common divisor of 588 and 545090?
14
Calculate the highest common factor of 444991000 and 50.
50
Calculate the greatest common divisor of 188940633 and 2373.
2373
Calculate the greatest common divisor of 79476 and 602508.
444
Calculate the highest common factor of 609588 and 39688.
164
Calculate the highest common factor of 19270125 and 675.
225
What is the greatest common factor of 5913841 and 2176?
17
Calculate the highest common divisor of 2319530 and 10730.
370
Calculate the highest common factor of 11631307 and 92.
23
Calculate the greatest common factor of 6992 and 2205102.
874
What is the greatest common divisor of 94275 and 39805?
2095
Calculate the highest common factor of 2704 and 806312.
104
Calculate the greatest common factor of 3552330920 and 2965.
2965
Calculate the highest common factor of 22421 and 1098273467.
3203
What is the greatest common divisor of 64111851 and 8252?
2063
Calculate the highest common divisor of 2106838 and 605738.
1766
What is the greatest common factor of 115470 and 539924890?
12830
Calculate the greatest common factor of 47370407 and 469.
469
Calculate the highest common divisor of 487420518 and 78.
78
What is the highest common divisor of 43767474 and 124?
62
Calculate the greatest common factor of 5950 and 85214200.
850
What is the greatest common factor of 187992110 and 1840?
230
What is the greatest common divisor of 944 and 5498092?
236
Calculate the highest common divisor of 408056 and 1672.
88
Calculate the greatest common divisor of 214214881 and 133193.
5791
What is the highest common divisor of 3346413 and 3591?
399
What is the greatest common factor of 253012 and 3956?
172
Calculate the highest common divisor of 1288920 and 5302785.
7005
Calculate the highest common divisor of 26366789 and 3693.
1231
Calculate the highest common divisor of 1121360 and 1973615.
535
Calculate the greatest common divisor of 348 and 21734572.
116
Calculate the highest common factor of 77774730 and 10810.
230
What is the greatest common divisor of 67605515 and 11152?
697
What is the greatest common divisor of 8797520 and 320?
80
Calculate the greatest common factor of 3153 and 86450005.
1051
What is the highest common factor of 52929773 and 47827?
3679
What is the greatest common divisor of 25014 and 7029?
33
What is the highest common factor of 8918335 and 35?
5
Calculate the greatest common factor of 14535 and 774870.
15
What is the greatest common factor of 528 and 1180944?
48
Calculate the highest common divisor of 231804 and 128592.
1692
Calculate the greatest common factor of 125622 and 484596.
126
Calculate th